mon divisor of 768 and 38712.
24
Calculate the greatest common factor of 110070 and 450.
90
Calculate the greatest common factor of 252 and 796446.
126
Calculate the greatest common factor of 23317 and 56.
7
Calculate the greatest common factor of 94 and 59502.
94
What is the greatest common divisor of 52 and 84383?
13
What is the greatest common factor of 76 and 32832?
76
What is the highest common factor of 371657 and 39?
13
What is the greatest common factor of 160524 and 1323?
441
What is the highest common divisor of 41510 and 160?
10
What is the greatest common divisor of 108 and 1122?
6
Calculate the highest common divisor of 25331820 and 15.
15
What is the greatest common factor of 164 and 77654?
82
Calculate the highest common factor of 3002 and 152.
38
Calculate the greatest common factor of 11520 and 34840.
40
Calculate the greatest common divisor of 1 and 43578.
1
Calculate the highest common divisor of 663313 and 49.
49
Calculate the greatest common divisor of 60903 and 5757.
303
What is the highest common factor of 8160 and 36040?
680
Calculate the highest common factor of 65 and 66235.
65
Calculate the greatest common factor of 46225 and 1290.
215
Calculate the highest common divisor of 630 and 7362.
18
Calculate the greatest common divisor of 2239010 and 30.
10
What is the highest common divisor of 864 and 127648?
32
Calculate the highest common divisor of 2 and 47911.
1
What is the greatest common factor of 1196510 and 70?
70
Calculate the greatest common factor of 4930 and 20995.
85
Calculate the highest common factor of 18915 and 105.
15
What is the highest common factor of 154 and 21538?
22
Calculate the highest common factor of 17 and 64991.
17
What is the highest common factor of 391 and 12325?
17
What is the greatest common factor of 497480 and 160?
40
What is the highest common factor of 847020 and 1520?
380
Calculate the highest common divisor of 96878 and 14750.
118
Calculate the greatest common factor of 3287 and 8474.
19
Calculate the greatest common factor of 58 and 28159.
29
What is the greatest common divisor of 19920 and 5790?
30
Calculate the highest common divisor of 134078 and 7686.
854
Calculate the highest common factor of 76936 and 16.
8
Calculate the highest common divisor of 8640 and 74160.
720
What is the highest common factor of 2668 and 580?
116
What is the greatest common divisor of 8778 and 53592?
462
Calculate the highest common divisor of 133810 and 50.
10
Calculate the greatest common divisor of 952 and 839528.
136
What is the greatest common divisor of 134769 and 538?
269
Calculate the highest common divisor of 88 and 1952.
8
What is the highest common factor of 26584 and 88?
8
What is the greatest common factor of 334 and 7917303?
167
What is the highest common divisor of 156 and 17511?
39
Calculate the greatest common divisor of 38157 and 115.
23
Calculate the highest common factor of 6768 and 1584.
144
Calculate the highest common factor of 4567295 and 535.
535
Calculate the greatest common factor of 43512 and 8436.
444
What is the highest common factor of 176 and 34904?
8
What is the highest common factor of 9 and 1467?
9
What is the highest common divisor of 78 and 6838?
26
What is the highest common factor of 2245 and 19307?
449
What is the greatest common divisor of 762327 and 3195?
639
Calculate the greatest common factor of 331363 and 7328.
229
Calculate the highest common factor of 88387 and 169.
169
Calculate the greatest common factor of 255853 and 26.
13
Calculate the greatest common divisor of 234 and 562536.
234
Calculate the highest common factor of 20595 and 75.
15
Calculate the highest common factor of 99 and 26279.
11
Calculate the highest common divisor of 372 and 2759.
31
Calculate the greatest common divisor of 244 and 104066.
122
Calculate the highest common divisor of 1870872 and 137.
137
What is the highest common factor of 8 and 14801272?
8
Calculate the highest common divisor of 67598 and 2336.
146
What is the greatest common divisor of 6 and 409314?
6
Calculate the greatest common factor of 2439 and 27371.
271
What is the highest common factor of 90 and 29710?
10
What is the greatest common divisor of 20375 and 16000?
125
What is the highest common factor of 7100 and 1211260?
1420
What is the greatest common divisor of 75183 and 209?
19
Calculate the greatest common divisor of 9398613 and 1461.
1461
Calculate the highest common divisor of 344460 and 10.
10
What is the highest common factor of 2943 and 270?
27
What is the greatest common factor of 8 and 242800?
8
Calculate the highest common divisor of 16392 and 6120.
24
Calculate the greatest common divisor of 638590 and 19.
19
Calculate the greatest common factor of 22 and 171391.
11
Calculate the highest common divisor of 610876 and 56.
28
Calculate the highest common divisor of 41319 and 3.
3
What is the highest common divisor of 8863 and 16?
1
What is the greatest common factor of 672764 and 2528?
316
Calculate the highest common divisor of 1840 and 7340.
20
Calculate the highest common factor of 17064 and 1048.
8
Calculate the greatest common factor of 7672 and 154.
14
Calculate the highest common factor of 207 and 118749.
69
Calculate the highest common factor of 517 and 1804.
11
What is the highest common factor of 2658864 and 240?
48
What is the greatest common divisor of 3 and 128119?
1
Calculate the greatest common divisor of 84942 and 67639.
1573
Calculate the highest common divisor of 32 and 17319504.
16
What is the greatest common divisor of 46313 and 58?
29
Calculate the greatest common factor of 32 and 961.
1
What is the greatest common factor of 11 and 163405?
11
Calculate the greatest common factor of 3349 and 591.
197
Calculate the highest common factor of 1183 and 1456.
91
What is the highest common factor of 649 and 55?
11
What is the highest common divisor of 48 and 611472?
48
Calculate the greatest common divisor of 360 and 41535.
45
What is the greatest common factor of 304 and 65512?
152
What is the highest common divisor of 352 and 23648?
32
What is the highest common divisor of 466580 and 1476?
164
Calculate the highest common factor of 5810 and 74830.
70
What is the greatest common factor of 2080 and 2470?
130
What is the highest common factor of 69 and 11776?
23
What is the greatest common divisor of 627 and 201609?
57
Calculate the highest common factor of 20196 and 5916.
204
Calculate the highest common divisor of 298701 and 345.
69
Calculate the greatest common divisor of 108056 and 13.
13
What is the greatest common factor of 488 and 67954?
122
Calculate the highest common divisor of 312 and 2232.
24
Calculate the highest common divisor of 901723 and 4291.
613
What is the greatest common factor of 44344 and 44160?
184
What is the highest common factor of 23955 and 165?
15
Calculate the greatest common divisor of 3230 and 7353.
19
What is the highest common divisor of 10029 and 75?
3
What is the highest common factor of 3550856 and 16?
8
Calculate the greatest common factor of 5460 and 8268.
156
What is the greatest common divisor of 10 and 304595?
5
Calculate the greatest common factor of 10511 and 162692.
457
What is the greatest common divisor of 27000 and 8625?
375
What is the highest common divisor of 21838 and 4758?
122
What is the greatest common factor of 139 and 33916?
139
What is the greatest common factor of 550 and 2960375?
275
Calculate the greatest common divisor of 1090 and 15280.
10
Calculate the highest common divisor of 2103 and 12.
3
What is the greatest common divisor of 1170 and 1690?
130
What is the greatest common factor of 256 and 7720?
8
Calculate the highest common factor of 3563 and 91.
7
Calculate the highest common divisor of 1503515 and 195.
65
What is the highest common divisor of 4979 and 101127?
13
Calculate the greatest common divisor of 418 and 95494.
38
What is the greatest common divisor of 66915 and 3?
3
Calculate the greatest common divisor of 9317 and 28.
7
Calculate the highest common divisor of 52 and 65468.
52
What is the greatest common factor of 332 and 21162?
2
Calculate the greatest common factor of 6 and 51963.
3
What is the greatest common factor of 46 and 298678?
46
Calculate the greatest common factor of 86328 and 4752.
792
Calculat